of 268578?
False
Is 112816 a multiple of 8?
True
Does 20 divide 349320?
True
Is 259 a factor of 3232204?
False
Is 59 a factor of 515955?
True
Does 516 divide 6783336?
True
Is 106 a factor of 907360?
True
Does 14 divide 2936636?
False
Is 26 a factor of 25483?
False
Does 63 divide 2445534?
True
Is 28 a factor of 25383?
False
Is 54050 a multiple of 115?
True
Is 2784240 a multiple of 144?
True
Is 113 a factor of 217638?
True
Is 13 a factor of 150323?
False
Does 4 divide 53143?
False
Does 4 divide 192820?
True
Is 300941 a multiple of 337?
True
Does 36 divide 60595?
False
Does 5 divide 12255?
True
Is 37 a factor of 1586819?
True
Is 1910795 a multiple of 18?
False
Does 18 divide 309269?
False
Is 198072 a multiple of 4?
True
Does 6 divide 3169344?
True
Is 40 a factor of 197474?
False
Does 30 divide 68848?
False
Is 86 a factor of 39638?
False
Is 16 a factor of 10068?
False
Is 64 a factor of 5717440?
True
Is 135960 a multiple of 10?
True
Does 26 divide 183245?
False
Is 103 a factor of 72306?
True
Does 15 divide 12975?
True
Does 22 divide 11021?
False
Is 159 a factor of 167934?
False
Does 11 divide 1449334?
False
Is 3406660 a multiple of 10?
True
Is 1230 a multiple of 578?
False
Is 13 a factor of 208835?
False
Is 8 a factor of 4147832?
True
Is 430393 a multiple of 16?
False
Is 13 a factor of 65962?
True
Is 128517 a multiple of 11?
False
Does 30 divide 31057?
False
Does 867 divide 2316624?
True
Is 7 a factor of 106351?
True
Is 135348 a multiple of 14?
False
Does 70 divide 105490?
True
Does 27 divide 319734?
True
Is 617705 a multiple of 20?
False
Does 83 divide 6757943?
True
Is 2238 a multiple of 373?
True
Is 37 a factor of 418706?
False
Is 2326026 a multiple of 2?
True
Is 436331 a multiple of 15?
False
Is 566136 a multiple of 18?
True
Is 256 a factor of 22406192?
False
Is 262433 a multiple of 690?
False
Is 89 a factor of 88067?
False
Is 151696 a multiple of 16?
True
Is 13 a factor of 280920?
False
Is 267992 a multiple of 30?
False
Is 1093542 a multiple of 17?
True
Is 17759697 a multiple of 377?
False
Is 393338 a multiple of 19?
True
Does 61 divide 793122?
True
Is 93903 a multiple of 53?
False
Does 49 divide 9727739?
False
Is 18 a factor of 5332914?
True
Is 24 a factor of 35208?
True
Is 249612 a multiple of 66?
True
Is 35352 a multiple of 12?
True
Does 32 divide 1110848?
True
Is 10486 a multiple of 98?
True
Does 92 divide 1221560?
False
Does 11 divide 161938?
False
Is 1358 a factor of 1297659?
False
Is 33 a factor of 184174?
False
Does 228 divide 4056835?
False
Is 134542 even?
True
Does 90 divide 30637?
False
Is 26 a factor of 216008?
True
Is 91 a factor of 2829294?
False
Does 31 divide 506881?
True
Is 2632192 a multiple of 128?
True
Is 538313 a multiple of 81?
False
Is 145344 a multiple of 4?
True
Does 143 divide 167310?
True
Does 183 divide 49559?
False
Is 5 a factor of 2038380?
True
Is 84079 a multiple of 16?
False
Does 13 divide 606879?
True
Does 10 divide 12911?
False
Does 2 divide 542497?
False
Does 555 divide 406985?
False
Is 21160 a multiple of 46?
True
Does 3 divide 596043?
True
Is 2741760 a multiple of 63?
True
Does 120 divide 515527?
False
Is 861696 a multiple of 212?
False
Does 26 divide 121535?
False
Does 11 divide 61424?
True
Is 32 a factor of 462496?
True
Is 684 a factor of 2500020?
True
Is 18 a factor of 511344?
True
Is 388863 a multiple of 17?
False
Does 18 divide 5728184?
False
Does 178 divide 5809386?
True
Is 18 a factor of 4904802?
True
Is 770472 a multiple of 20?
False
Is 240680 a multiple of 88?
True
Does 670 divide 361800?
True
Is 148720 a multiple of 21?
False
Does 299 divide 5108833?
False
Does 23 divide 142715?
True
Does 115 divide 181355?
True
Is 5852946 a multiple of 130?
False
Does 50 divide 40093?
False
Is 891590 a multiple of 329?
True
Is 1770 a factor of 16779572?
False
Is 10829737 a multiple of 15?
False
Is 831 a factor of 11677212?
True
Is 735 a factor of 3400394?
False
Does 49 divide 187726?
False
Is 2367616 a multiple of 424?
True
Is 7165706 a multiple of 53?
True
Is 25 a factor of 207320?
False
Does 14 divide 1692822?
False
Is 8 a factor of 34976?
True
Is 392145 a multiple of 39?
True
Does 49 divide 499114?
True
Does 32 divide 8596672?
True
Is 107735 a multiple of 145?
True
Does 31 divide 171538?
False
Does 18 divide 8292726?
True
Is 4644234 a multiple of 63?
True
Is 23 a factor of 95956?
True
Is 287 a factor of 287?
True
Is 18 a factor of 5771821?
False
Is 146 a factor of 196652?
False
Is 7052106 a multiple of 480?
False
Is 4 a factor of 942136?
True
Is 6 a factor of 75186?
True
Is 340197 a multiple of 11?
True
Is 542630 a multiple of 11?
True
Is 43242 a multiple of 22?
False
Is 20593 even?
False
Is 57 a factor of 429978?
False
Is 28 a factor of 40068?
True
Is 15339176 a multiple of 61?
False
Does 2046 divide 15314310?
True
Is 2837436 a multiple of 102?
True
Is 15 a factor of 1983345?
True
Does 26 divide 37437764?
True
Is 475948 a multiple of 11?
True
Does 934 divide 857260?
False
Is 113 a factor of 1189164?
False
Is 504 a factor of 2322991?
False
Does 94 divide 2949612?
False
Is 1884371 a multiple of 47?
True
Is 116462 a multiple of 40?
False
Is 251 a factor of 547933?
True
Does 19 divide 96862?
True
Is 16284906 a multiple of 8?
False
Is 65 a factor of 17615?
True
Is 270 a factor of 214765?
False
Does 20 divide 26105240?
True
Does 388 divide 342816?
False
Is 312669 a multiple of 147?
True
Is 113 a factor of 166110?
True
Is 4 a factor of 6580?
True
Does 623 divide 4427038?
True
Does 20 divide 755700?
True
Does 105 divide 18938877?
False
Is 321248 a multiple of 479?
False
Does 22 divide 65340?
True
Is 288 a factor of 6683554?
False
Is 55161 a multiple of 227?
True
Does 10 divide 146488?
False
Is 27640 a multiple of 8?
True
Does 563 divide 10134?
True
Is 12 a factor of 3805339?
False
Is 5976575 a multiple of 142?
False
Is 27 a factor of 1571859?
True
Is 22613 a multiple of 9?
False
Is 149 a factor of 829077?
False
Is 237352 a multiple of 16?
False
Is 6 a factor of 21322?
False
Does 414 divide 384403?
False
Is 19395 a multiple of 9?
True
Does 1108 divide 18891127?
False
Does 7 divide 53918?
False
Is 123575 a multiple of 25?
True
Does 174 divide 742284?
True
Is 768 a factor of 343958?
False
Is 117417 a multiple of 48?
False
Is 6 a factor of 90068?
False
Is 22 a factor of 370106?
True
Is 43 a factor of 883574?
False
Is 4902 a multiple of 86?
True
Is 50 a factor of 726550?
True
Does 35 divide 3222870?
True
Is 1996306 a multiple of 232?
False
Does 38 divide 334818?
True
Is 47489 a multiple of 169?
True
Does 61 divide 53743?
False
Does 11 divide 722216?
True
Is 231 a factor of 42582?
False
Is 28 a factor of 582452?
False
Is 2038816 a multiple of 16?
True
Is 107471 a multiple of 13?
True
Is 39428 a multiple of 11?
False
Does 98 divide 234906?
True
Is 5364852 a multiple of 148?
True
Is 71988 a multiple of 244?
False
Is 700423 a multiple of 56?
False
Does 702 divide 2458404?
True
Does 27 divide 8220501?
True
Is 13 a factor of 816843?
False
Is 47504 a multiple of 8?
True
Is 257 a factor of 290153?
True
Is 251437 a multiple of 55?
False
Is 233908 a multiple of 51?
False
Is 260026 a multiple of 26?
True
Does 65 divide 64972?
False
Is 32 a factor of 61664?
True
Does 51 divide 301461?
True
Is 1669936 a multiple of 236?
True
Is 1504368 a multiple of 124?
True
Is 91 a factor of 460824?
True
Is 579691 a multiple of 114?
False
Is 333 a factor of 122848?
False
Is 689475 a multiple of 435?
True
Is 52 a factor of 309556?
True
Is 146000 a multiple of 730?
True
Does 13 divide 325013?
True
Is 34 a factor of 11308842?
True
Does 14 divide 173614?
True
Is 19 a factor of 331642?
False
Does 661 divide 1853444?
True
Is 221913 a multiple of 415?
False
Is 593 a factor of 316184?
False
Is 239 a factor of 10170420?
False
Is 78 a factor of 2042088?
False
Is 80320 a multiple of 64?
True
Is 5 a factor of 13675?
True
Is 30 a factor of 15992643?
False
Is 15 a factor of 879735?
True
Is 9484758 a multiple of 767?
False
Does 114 divide 7578378?
True
Does 7 divide 174702?
False
Is 20 a factor of 1281889?
False
Is 32 a factor of 551840?
True
Does 227 divide 4307098?
True
Is 4467643 a multiple of 111?
False
Is 101 a factor of 44980?
False
Is 1042 a factor of 14488534?
False
Is 4352035 a multiple of 227?
False
Does 50 divide 86750?
True
Does 15 divide 206145?
T